{"id":119,"date":"2016-01-07T09:35:11","date_gmt":"2016-01-07T09:35:11","guid":{"rendered":"https:\/\/trondheimumc.wordpress.com\/?page_id=119"},"modified":"2025-02-05T17:07:32","modified_gmt":"2025-02-05T16:07:32","slug":"underside-av-hvem-er-vi","status":"publish","type":"page","link":"https:\/\/trondheimumc.midtkil.no\/index.php\/hvem-er-vi\/underside-av-hvem-er-vi\/","title":{"rendered":"Korset og flammen"},"content":{"rendered":"<h3>SAMLINGSMERKE OG MERKEVARE<\/h3>\n<figure id=\"attachment_14294\" aria-describedby=\"caption-attachment-14294\" style=\"width: 167px\" class=\"wp-caption alignleft\"><img loading=\"lazy\" decoding=\"async\" class=\"size-medium wp-image-14294\" src=\"https:\/\/trondheimumc.midtkil.no\/wp-content\/uploads\/2025\/02\/Logo_of_the_United_Methodist_Church.svg-167x300.png\" alt=\"UMC-LOGO\" width=\"167\" height=\"300\" srcset=\"https:\/\/trondheimumc.midtkil.no\/wp-content\/uploads\/2025\/02\/Logo_of_the_United_Methodist_Church.svg-167x300.png 167w, https:\/\/trondheimumc.midtkil.no\/wp-content\/uploads\/2025\/02\/Logo_of_the_United_Methodist_Church.svg-570x1024.png 570w, https:\/\/trondheimumc.midtkil.no\/wp-content\/uploads\/2025\/02\/Logo_of_the_United_Methodist_Church.svg-768x1380.png 768w, https:\/\/trondheimumc.midtkil.no\/wp-content\/uploads\/2025\/02\/Logo_of_the_United_Methodist_Church.svg.png 800w\" sizes=\"auto, (max-width: 167px) 100vw, 167px\" \/><figcaption id=\"caption-attachment-14294\" class=\"wp-caption-text\">Kors og flamme<\/figcaption><\/figure>\n<p>\u00abKorset og flammen\u00bb er det internasjonale samlingsmerket for over 13 millioner metodister i United Methodist Church som Metodistkirken i Norge (og Trondheim) er en del av. For metodister er denne logoen en minst like sterk merkevare som Coca Cola, Nike, Sony etc.<\/p>\n<p>Metodistkirken i Trondheim fikk \u00abkorset og flammen\u00bb p\u00e5 t\u00e5rnveggen f\u00f8rst i 2005. Vi overtok symbolet som hang p\u00e5 Levanger Metodistkirke fram til den ble nedlagt. Etter oppussing ble det montert p\u00e5 t\u00e5rnveggen h\u00f8yt over inngangsd\u00f8ren akkurat i tide til \u00c5rskonferansen som vi arrangerte det \u00e5ret. Dermed ble kirka v\u00e5r omsider ogs\u00e5 visuelt en del av United Methodist Church!<\/p>\n<p>Arbeidet med \u00e5 finne et samlende symbol for kirken, var en del av prosessen da United Methodist Church ble dannet i 1968 som en f\u00f8lge av sammenslutningen mellom The Methodist Church and the Evangelical United Brethren Church.<\/p>\n<p>I l\u00f8pet av prosessen ble det lansert et tjuetalls forslag &#8211; men \u00abkorset og flammen\u00bb var symbolet som utvilsomt fenget mest. I tillegg til at det skal v\u00e6re en p\u00e5minnelse om John Wesleys erfaring da hans \u201dhjerte ble forunderlig varmt\u201d, symboliserer det selvf\u00f8lgelig Jesu d\u00f8d og oppstandelse &#8211; og Den Hellige \u00c5nd. Den todelte flammen (to flammetunger) representerer dessuten de to kirkene som sluttet seg sammen i 1968.<\/p>\n<p>Symbolet er tatt i bruk av UMC-kirker og menigheter over hele verden. Det f\u00e5s som flagg og smykker. Det preger T-skjorter og kaffekopper. Ja, du kan ogs\u00e5 f\u00e5 kj\u00f8pt bilskilt med symbolet.<\/p>\n<p>Korset og flammen er et registret og patentert varmemerke.<\/p>\n","protected":false},"excerpt":{"rendered":"<p>SAMLINGSMERKE OG MERKEVARE \u00abKorset og flammen\u00bb er det internasjonale samlingsmerket for over 13 millioner metodister i United Methodist Church som Metodistkirken i Norge (og Trondheim) er en del av. For metodister er denne logoen en minst like sterk merkevare som Coca Cola, Nike, Sony etc. Metodistkirken i Trondheim fikk \u00abkorset og flammen\u00bb p\u00e5 t\u00e5rnveggen f\u00f8rst &hellip; <a href=\"https:\/\/trondheimumc.midtkil.no\/index.php\/hvem-er-vi\/underside-av-hvem-er-vi\/\" class=\"more-link\">Fortsett \u00e5 lese <span class=\"screen-reader-text\">Korset og flammen<\/span> <span class=\"meta-nav\">&rarr;<\/span><\/a><\/p>\n","protected":false},"author":2,"featured_media":0,"parent":89,"menu_order":0,"comment_status":"closed","ping_status":"closed","template":"","meta":{"inline_featured_image":false,"footnotes":""},"class_list":["post-119","page","type-page","status-publish","hentry"],"_links":{"self":[{"href":"https:\/\/trondheimumc.midtkil.no\/index.php\/wp-json\/wp\/v2\/pages\/119","targetHints":{"allow":["GET"]}}],"collection":[{"href":"https:\/\/trondheimumc.midtkil.no\/index.php\/wp-json\/wp\/v2\/pages"}],"about":[{"href":"https:\/\/trondheimumc.midtkil.no\/index.php\/wp-json\/wp\/v2\/types\/page"}],"author":[{"embeddable":true,"href":"https:\/\/trondheimumc.midtkil.no\/index.php\/wp-json\/wp\/v2\/users\/2"}],"replies":[{"embeddable":true,"href":"https:\/\/trondheimumc.midtkil.no\/index.php\/wp-json\/wp\/v2\/comments?post=119"}],"version-history":[{"count":2,"href":"https:\/\/trondheimumc.midtkil.no\/index.php\/wp-json\/wp\/v2\/pages\/119\/revisions"}],"predecessor-version":[{"id":14295,"href":"https:\/\/trondheimumc.midtkil.no\/index.php\/wp-json\/wp\/v2\/pages\/119\/revisions\/14295"}],"up":[{"embeddable":true,"href":"https:\/\/trondheimumc.midtkil.no\/index.php\/wp-json\/wp\/v2\/pages\/89"}],"wp:attachment":[{"href":"https:\/\/trondheimumc.midtkil.no\/index.php\/wp-json\/wp\/v2\/media?parent=119"}],"curies":[{"name":"wp","href":"https:\/\/api.w.org\/{rel}","templated":true}]}}