{"id":89,"date":"2016-01-05T11:43:12","date_gmt":"2016-01-05T11:43:12","guid":{"rendered":"https:\/\/trondheimumc.wordpress.com\/?page_id=89"},"modified":"2016-01-05T11:43:12","modified_gmt":"2016-01-05T11:43:12","slug":"hvem-er-vi","status":"publish","type":"page","link":"https:\/\/trondheimumc.midtkil.no\/index.php\/hvem-er-vi\/","title":{"rendered":"Metodistkirken er &#8230;."},"content":{"rendered":"<p><strong>Metodistkirken i Trondheim er en del av United Methodist Church &#8211; et av verdens aller st\u00f8rste protestantiske kirkesamfunn med ca. 14 millioner medlemmer. Kirkens motto er \u00abOpen hearts &#8211; open minds &#8211; open doors\u00bb ( \u00c5pne hjerter &#8211; \u00e5pne sinn &#8211; \u00e5pne d\u00f8rer). Metodistkirken i Trondheim er \u00e5pen for alle!<\/strong><\/p>\n<p>Metodistkirken etablerte seg i Trondheim i 1881 og v\u00e5r menighet har i dag omkring 250 medlemmer. Dagens kirkebygg ble innviet i 1927.<\/p>\n<p>The United Methodist Church er ogs\u00e5 tilsluttet World Methodist Council som samler metodistkirker med til sammen over 80 millioner medlemmer. Det er flere metodister enn lutheranere i verden.<\/p>\n<p>Metodistkirken i Norge har en samarbeids- og anerkjennelsesavtale med Den norske kirke. Metodistprester kan tale og forrette d\u00e5p og nattverd i Den norske kirke, og omvendt. Nidaros biskop Tor Singsaas og flere andre \u00abstatskirkeprester\u00bb har bes\u00f8kt,holdt preken og forrettet d\u00e5p og nattverd i Metodistkirken i Trondheim.Internasjonalt samarbeider lutheranere og metodister meget tett i ulike kirkelige og humant\u00e6re organisasjoner.<br \/>\nB\u00e5de den lutherske kirke og Metodistkirken er protestantiske kirkesamfunn. Historisk er Metodistkirken er utbryterkirke fra den Anglikanske kirke i England, mens Den norske kirke (lutherske kirke) br\u00f8t ut fra den romersk katolske kirke.<br \/>\nTeologisk er de st\u00f8rste forskjellene innen nattverds- og d\u00e5pssynet. Metodistkirken d\u00f8per f.eks. barn som et tegn p\u00e5 at de allerede er Guds barn fra f\u00f8dselen &#8211; ikke for at de skal bli det gjennom d\u00e5pen.<\/p>\n<p>I Norge er det omkring 12500 metodister som er organisert i 48 lokalmenigheter. Metodistkirkens \u00f8verste nasjonale organ er \u00c5rskonferansen. Der m\u00f8ter representanter\/delegater fra alle menighetene, samt kirkens prester.<\/p>\n<p>Metodistkirkens (The United Methodist Church) aller \u00f8verste organ er Generalkonferansen som samles hvert 4. \u00e5r &#8211; med delegater og pastorer fra samtlige \u00e5rskonferanser rundt om i verden.<\/p>\n","protected":false},"excerpt":{"rendered":"<p>Metodistkirken i Trondheim er en del av United Methodist Church &#8211; et av verdens aller st\u00f8rste protestantiske kirkesamfunn med ca. 14 millioner medlemmer. Kirkens motto er \u00abOpen hearts &#8211; open minds &#8211; open doors\u00bb ( \u00c5pne hjerter &#8211; \u00e5pne sinn &#8211; \u00e5pne d\u00f8rer). Metodistkirken i Trondheim er \u00e5pen for alle! Metodistkirken etablerte seg i Trondheim &hellip; <a href=\"https:\/\/trondheimumc.midtkil.no\/index.php\/hvem-er-vi\/\" class=\"more-link\">Fortsett \u00e5 lese <span class=\"screen-reader-text\">Metodistkirken er &#8230;.<\/span> <span class=\"meta-nav\">&rarr;<\/span><\/a><\/p>\n","protected":false},"author":2,"featured_media":0,"parent":0,"menu_order":0,"comment_status":"closed","ping_status":"closed","template":"","meta":{"inline_featured_image":false,"footnotes":""},"class_list":["post-89","page","type-page","status-publish","hentry"],"_links":{"self":[{"href":"https:\/\/trondheimumc.midtkil.no\/index.php\/wp-json\/wp\/v2\/pages\/89","targetHints":{"allow":["GET"]}}],"collection":[{"href":"https:\/\/trondheimumc.midtkil.no\/index.php\/wp-json\/wp\/v2\/pages"}],"about":[{"href":"https:\/\/trondheimumc.midtkil.no\/index.php\/wp-json\/wp\/v2\/types\/page"}],"author":[{"embeddable":true,"href":"https:\/\/trondheimumc.midtkil.no\/index.php\/wp-json\/wp\/v2\/users\/2"}],"replies":[{"embeddable":true,"href":"https:\/\/trondheimumc.midtkil.no\/index.php\/wp-json\/wp\/v2\/comments?post=89"}],"version-history":[{"count":0,"href":"https:\/\/trondheimumc.midtkil.no\/index.php\/wp-json\/wp\/v2\/pages\/89\/revisions"}],"wp:attachment":[{"href":"https:\/\/trondheimumc.midtkil.no\/index.php\/wp-json\/wp\/v2\/media?parent=89"}],"curies":[{"name":"wp","href":"https:\/\/api.w.org\/{rel}","templated":true}]}}